is the value of -8 + 34 + (-12 - 53)?
-39
What is the value of -57 - -32 - (-124 + 61)?
38
Calculate -17 - ((-27 - -32) + 17).
-39
What is the value of (1 - -12 - 27 - -9) + -58 - (-15 + 5)?
-53
What is the value of (-16 - 1 - -5 - -19) + (-4 - 0) - -3?
6
Evaluate (7 + 42 - (-12 - -69)) + (-78 - 1).
-87
67 - (-20 + 79) - ((23 - (-3 - -1)) + -2)
-15
Evaluate (49 - 25) + (-5 - 32) + (-11 - -2) + -1.
-23
What is the value of (23 - (-65 - -100) - (-3 - (5 - -3))) + -38?
-39
What is 1 + 1 + 15 + -18 + 28 - (14 + -6)?
19
What is the value of -120 + 5 + (-43 - -38 - (8 - 0)) + 15?
-113
What is the value of (34 - 137 - -113) + -9 + 34?
35
What is the value of (-6 + (-3 - 6) - 2) + 12 + -13?
-18
Evaluate 36 + 146 + -116 - 131.
-65
(-14 - (-6 - (-4 - (-1 + -8)))) + 6
3
Evaluate 4848 - 4827 - (-81 - 2).
104
Evaluate -5 - (-1 + (0 - 2 - 4) - (885 - 943)).
-56
-81 + 114 - (6 - (-33 + 10))
4
Calculate -9 + (-17 - (-15 - (6 - -139) - -12)).
122
What is 32 + -2178 + 2181 + (-13 - (0 - 2))?
24
What is (185 + -200 - (-5 + -1)) + (4 - -52 - 5)?
42
26 - (14 + 16 + -22 + 3)
15
(9 - (-37 + 78)) + (0 - (2 + 7))
-41
Evaluate 3 - (-1 - -6) - (-5 + (7 + -5 - 7)).
8
Evaluate (-60 - (-36 - (55 - 40))) + (-15 + -1 - -2).
-23
Calculate -4 + 4 - (0 - -38 - -8).
-46
-11 + (-115 - (2 + -17 + 5)) + 16
-100
What is 0 + (-16 - 1 - (271 - 296))?
8
(-2 - 16) + 9 - (8 + (-1 + 1 - 56))
39
Evaluate -2306 - -2319 - (3 - 26 - -2 - -1).
33
Calculate -2 - 2 - (4 + 3 + (-10 - -11)).
-12
What is (-4 - -41) + (-8 - (-2 + -3 + -5 - -1))?
38
What is the value of -71 + 117 - (3 + 53)?
-10
-26 - (-66 + -9) - -33
82
91 + 82 + -110 + -37
26
Evaluate (25 - -2) + (-4043 - -3994).
-22
Evaluate (-2 + -3 + 5 - -17) + 34 + -32.
19
What is 4 - (27 + 5 - (-8 + -3 + 19 + -13))?
-33
What is 32 + -6 + 7 + (68 - 60)?
41
Calculate 113 + -1 + (1 + 8 - ((2 - -19) + 1)).
99
Calculate (4 - (-11 + 20 + -27 + 4)) + -23.
-5
What is (2 - -34 - 37) + -16?
-17
162 + -148 - (-2 - -20)
-4
-4 - (4 + -38 + 67)
-37
Calculate 1 + 8 - (-6 + (-14 + 30 - 6 - 24)).
29
Evaluate (-8 - 2) + (-68 + (39 - -27) - (77 + 1)).
-90
Evaluate (2886 - 2904) + 98 + -4.
76
Calculate (7 - 12) + 24 + -22.
-3
Calculate 445 + -409 - (3 + -6 + 38).
1
What is -96 - -2 - (4033 + -4045)?
-82
What is -57 + -12 - (7 + -13 + -4) - 10?
-69
(2 - (-3 + 7)) + 150 + -186
-38
What is the value of -20 + (-25 - -35 - 57)?
-67
56 - 20 - (-37 + 8)
65
Evaluate -3 - (-17 + 13) - (1 + 1 + -27 + 8).
18
What is 30 - (31 + (13 - 19)) - (-1 - -66)?
-60
What is 8 + (1 + 4 - (17 + (-1 - 20)) - -49)?
66
What is -35 - (-4 + -27 + 4)?
-8
Evaluate -129 - (-24 + ((1 - 12) + (-93 - -133) - 15)).
-119
Evaluate (115 - 92) + 12 - 91.
-56
What is the value of (-12 - 0) + (12 - 0 - -8 - 54)?
-46
(15 - -14) + 31 + -52 - (36 + 1)
-29
(0 + 8 - (20 + -19 - -12)) + 48
43
What is (1 - -20) + 0 - (-41 + (21 - -30))?
11
14 - (6 + (18 - 15) + 9 + -16)
12
What is 0 - (14 + (-2 - 4)) - (1367 + -1366)?
-9
11 - 0 - ((-39 - -2) + -1315 + 1354)
9
What is the value of -138 - 109 - -175 - (0 + -45)?
-27
(51 + 2 + -45 - (0 + 0)) + -134 - -6
-120
-7 + -16 + -90 - -30
-83
Calculate -80 + 0 - (-11 + 8) - (33 + (-31 - 14)).
-65
(62 - 94) + 21 + -2 + -13
-26
What is the value of (8 - (4 + -1 + 4)) + 0 - (7 + -80)?
74
Evaluate (-96 - 3) + -4705 + 4862.
58
What is (-63 - -70) + -30 + (88 - 0)?
65
What is 937 + -912 + (-26 - -1) + (1 - 41)?
-40
What is the value of (0 + -27 - (-32 + 48 + -31)) + -5?
-17
(3 - (-3 - 0)) + (235 - 303)
-62
What is the value of 1 + 8 - (-147 - (197 - 436))?
-83
Calculate -2 + (-35 - -11) + -6.
-32
Evaluate (-196 - -105) + 69 - (-3 - -1).
-20
What is the value of -248 + 98 + 96 + 105?
51
What is (-31 + 21 - -14) + -67 - (12 - -5)?
-80
6 + 36 + (353 - 388)
7
Calculate (-2 - 13) + 18 + -60 + 46.
-11
Calculate -8 + -2 + 4 + (-57 - -104) + 0 + -8.
33
What is -55 + (10 + -6 - 8) + -7 + 10?
-56
What is the value of -1 - -8 - (-33 - (56 + -18 + -26))?
52
Evaluate -3 - (31 - 20) - (24 - 23 - -50).
-65
Evaluate -1 - (2 + (-4 - -1)) - (-38 + -4).
42
32 + 24 - ((-4 - (-15 + 4) - 4) + -2)
55
Evaluate 2 + (8 - 20) + (-1 - -1) + -4.
-14
Calculate 13 - 2 - (5 - (3 + 7 + -5 + -13)).
-2
14 + -21 + 20 + 0 - 19
-6
69 + (28 - (39 + -15))
73
-1 + -1 + -25 + 4 - (-15 + 117)
-125
-11 + 13 + -12 + 72 + (7 - 28)
41
-20 + (1 - (-9 - 4)) + 21 - 64
-49
What is -48 + (-8 + 1 + -74 + 80 + -6 - 0)?
-55
What is -15 + 67 - (-112 - -135)?
29
What is the value of (-1 - -19) + (52 - 26) + (0 - -5)?
49
Calculate -7 + 4 + -61 + (5 - 9).
-68
Calculate -32 + -20 + 2 + (458 - 447).
-39
What is the value of -27 + 6 - (-486 + 447)?
18
What is the value of 119 - ((2 - (-9 + -8)) + (-156 - -163))?
93
What is the value of -1 + -15 - (-7 - (29 - (27 + 2)))?
-9
Calculate (-11 - -1) + 1 + (2 - 1) - (14 - -51).
-73
What is the value of (4 - (44 - 50) - 46) + -2 + 3?
-35
-1 - 18 - (-25 + -19 - -45)
-20
What is 49 + -30 + -8 + (-8 - -7 - (0 + 52))?
-42
Evaluate (8 + -7 - -2 - -2) + -20 + 9 + 137.
131
What is -172 + 93 - (-25 + -17)?
-37
105 + 17 - (-263 + 293)
92
-9 + 38 + -55 + 87
61
(-41 - (-35 - -12)) + 11 + 1
-6
9 + 25 + 2 + (-23 - 25)
-12
What is (1 - 12) + (285 - 284) - -49?
39
Calculate -110 + (-16 + 9 - -60).
-57
What is -757 - -748 - (3 + 0 + 0 + -46)?
34
What is the value of -29 - (5 + -97 + 37)?
26
Calculate 26 + 8 - (3 - -11).
20
What is the value of -24 - ((13 - (73 - (31 - 11))) + 20)?
-4
-38 + 71 + -30 + -20 + (-1 - -1 - -10)
-7
62 + (0 - 2) - (55 + -11 + -26 + -24)
66
Calculate 25 - 39 - (-7 - -11 - 8 - 6).
-4
Evaluate 23 + -2 + -4 + 15 - 94.
-62
Evaluate -12 + 6 - -1 - -15 - (-191 + 249).
-48
Evaluate -3393 - -3397 - (0 + 0 - -21).
-17
Evaluate (6 - -15) + -2 + -132 + 22 + -1.
-92
What is (0 - (-69 - (-20 + (-16 - -23)))) + 1 + 9?
66
What is the value of (4 - 0) + -5 + 1 - (-3 + 6 + -28)?
25
What is the value of -41 - 25 - -71 - (-2 + -2 + -66 + -2)?
77
36 - 82 - -35 - 5
-16
Evaluate -9 - ((-30 - -21) + 13 + -15).
2
Evaluate -37 + 16 + (396 - 288).
87
Evaluate -28 + (-68 + 4 - -48).
-44
Calculate (-3 - 40) + 63 + -6 + -41.
-27
Evaluate -8 - 7 - (-3 + (36 - 27)).
-21
Evaluate -1 + 17 + -2 + 2566 + -2582.
-2
Evaluate (-21 - -1) + (217 - 196) - (0 + 13) - 127.
-139
-20 + (-8 - -27 - -74) + 8 + 12
93
-12 - (4 - (-27 - -7 - -12 - -1) - 21)
-2
Calculate -14 - (-29 - (6 - 19 - -29)).
31
Calculate -26 + (4 - -13) + -16 - (0 - -13).
-38
What is -19 - (-20 + 1 - -43) - (-1 + 1)?
-43
Evaluate (1 - -85) + 5272 + -5226.
132
Evaluate -16 + -2 + (-45 - (53 + 8)) + -3.
-127
Calculate 17 + 2 - 2 - (-986 + 966).
37
Evaluate 1 + 0 + (-165 + -44 - -191).
-17
-25 - 2 - (13 + (29 - -7))
-76
Calculate 2 + (2 - 57) - (3104 - 3118).
-39
Calculate 7 - (-16 - (-7 + 20)) - 11.
25
21 + -2 + -57 - (94 + -63)
-69
What is (9 - 22) + 49 + 1 + -41?
-4
(-1 - (-81 + 5 - 6)) + 9 + 1 + -11
80
(-31 - (-2 + -31)) + -4 + -16
-18
What is 79 + (-18 - 5) - 30?
26
What is (-60 - -100) + -29 + -13?
-2
What is the value of 7 + 31 - 7 - 68?
-37
What is 0 + -7 + ((-45 - -44) + -27 - -48)?
13
Evaluate 23 - (20 - 6) - (20 - -18).
-29
Calculate (-46 - (-44 - 11)) + 4 + -53 + -2.
-42
Evaluate 58 + -117 - (15 + -21).
-53
Evaluate 0 + 2 + -7 + 11 + 3 + -46 + 38.
1
What is the value of (1 - (1 + 49)) + (3867 - 3850)?
-32
Evaluate (41 + -30 - (-1 + 3)) + (-18 - 14).
-23
Evaluate 97 + -29 + (-197 - -62).
-67
What is 5 + (-11 - -37) + -30 + -104 - -11?
-92
What is (33 - 1) + -2 - (-2 - 17 - (796 - 810))?
35
(-13 - 232) + 138 - -40
-67
Evaluate 13 + 2 + (-4 - (10 - 15 - -14)).
2
Evaluate -53 + (-61 - (-311 + 117)).
80
What is (43 - 2 - 58) + 61?
44
What is 113 + (94 - 122) - 147?
-62
What is the value of -118 - (-105 - -81 - 36)?
-58
What is the value of -53 + (-52 - (-42 - 5))?
-58
What is -28 - (37 - 31) - (23 + -3)?
-54
(-7 + 13 - -29) + (-2 - (-10 - (-2 + -7)))
34
What is the value of 21 - (-14 + (-43 - -36) - -45)?
-3
Calculate 0 + (-1 - -1) + 49 - (-44797 - -44782).
64
Calculate 120 - ((33 - (1 + 65)) + 54).
99
-11 + 9 + (-3 - 12 - (-7 + 0)) + -4
-14
Calculate -7 + (15 - (16 - -5)) + 19.
6
What is the value of 29 + (-71 - (9 + -31))?
-20
Evaluate -2 + -32 + (-12606 - -12512).
-128
What is the value of 53 - (54 + 2 - 46)?
43
What is 1 + -16 + 710 + -680 - 0?
15
What is the value of 82 + (-25 - 31) - 8?
18
Evaluate -4 + -61 + 0 - (9 - (36 - (39 - 13))).
-64
What is 